 215. Let r(q) = f*z(q) + 7*y(q). What is the tens digit of r(0)?
7
Suppose 5*s - 18468 = 3*j, 2*s - 4458 = -5*j + 2923. What is the tens digit of s?
9
Let s(t) = 8*t**3 + 18*t**2 - 224*t - 5. What is the units digit of s(18)?
1
Suppose h - 6*h = 5*g - 35, 4*h = -g + 16. Suppose -2*q + 467 = 3*n, 3*q - h*n - 695 = -2*n. What is the units digit of q?
2
Let k be (-7)/(21/(-9)) + 39. Suppose -8*y = -2*y + k. What is the tens digit of ((-18)/y)/((-8)/(-56))?
1
Let l(t) = -260*t + 4 + 5 - 18. Let s(p) = -p**3 - 2*p**2 - 1. Let r be s(0). What is the hundreds digit of l(r)?
2
Let n be 108/48 + 2/(-8). Suppose -4*y + 16 = -0*y + 5*f, 2*f + 16 = 4*y. Suppose 315 = 3*i - n*d - d, -93 = -i + y*d. What is the units digit of i?
9
Suppose 0 = 24*d - 17*d + 840. What is the hundreds digit of (-3 - 54)*8/(d/175)?
6
What is the units digit of (-24 + 6 - -5) + 5916?
3
Suppose -24839 = -16*x + 8409. Suppose 0 = 4*d + 5*o - 2062, 2*o - 5*o - x = -4*d. What is the units digit of d?
8
Let j = -2580 - -4406. What is the thousands digit of j?
1
Suppose -534*i = -166*i - 10294432. What is the thousands digit of i?
7
Let h = -576 - -621. Let v(f) = -f**3 + 47*f**2 - 68*f - 24. What is the units digit of v(h)?
6
Let q = 347 - 327. Suppose 5*x + q = 0, x = 2*z - 49 - 177. What is the tens digit of z?
1
Let h(o) = -252*o - 1348. What is the hundreds digit of h(-16)?
6
Let j = -31 + 34. Suppose 0 = 4*c - j*r - 6 + 13, 4*c - 18 = -2*r. Suppose 5*a = c*s + 165, -a + 4*s + 83 = 32. What is the tens digit of a?
3
Let q = 103 + -96. Suppose 0 = q*c - 4080 - 1464. What is the hundreds digit of c?
7
Let g(c) be the second derivative of -13*c**4/12 + c**2 + 18*c. Let j(n) = -n - 1. Let q(x) = -g(x) - 5*j(x). What is the units digit of q(-3)?
5
Let n be 6/10*(-2 + 7). Suppose -5*u - b + 1420 = 0, 1136 = u + 3*u + n*b. What is the tens digit of u?
8
What is the hundreds digit of (8156/7)/((-207)/(-5796))?
6
Let f be 30849/70 + (-21)/(-70). Let y = f - 273. What is the hundreds digit of y?
1
Let n(t) = 9*t**2 + 3*t - 7. Suppose -h - 30 = -5*c, -c - 4*h + 3 + 3 = 0. Let y be (22/12 + (-9)/c)*12. What is the tens digit of n(y)?
4
What is the ten thousands digit of (44403 - -1) + ((-48)/18)/(13/39)?
4
Let a(c) = -c**3 + 32*c**2 - 59*c - 40. Let v be a(30). What is the units digit of (1647 - -47) + v/2?
9
Let r = -50 - -53. Let b(k) = 299*k + 390. Let h(w) = 10*w + 13. Let m(j) = r*b(j) - 91*h(j). What is the tens digit of m(-4)?
3
Let k(w) = w**2 + 4*w - 16. Let b be ((-80)/32)/((-2)/8*-2). Let i be k(b). Let h(l) = l**3 + 12*l**2 - 7*l - 9. What is the hundreds digit of h(i)?
1
Let r(m) be the second derivative of 11*m**4/12 + 17*m**3/6 + 36*m**2 - 200*m. What is the units digit of r(-9)?
0
Suppose 24*p - 25*p = -5. Let r be 2*(-57)/(-30) + 1/p. Suppose 3*x - 417 = -r*s + 4*x, 3*s - 304 = -x. What is the units digit of s?
3
Let u(p) = 3*p**2 - 13*p + 16. Suppose 48 = 3*r + 195. Let d be 36/30 + -1 - r/5. What is the units digit of u(d)?
6
Let w(l) = 510*l + 8885. What is the hundreds digit of w(-13)?
2
Let o = 13893 + -8114. What is the units digit of o?
9
What is the thousands digit of (5634/30)/((-6)/56)*125/(-10)?
1
Let f = -16 - -12. Let c be (f - -3)/(2/38). Let j = 100 + c. What is the tens digit of j?
8
Let y(f) = 2*f**2 - 31*f + 29. Let g = -82 - -105. What is the tens digit of y(g)?
7
Suppose -29*z + 863602 - 146345 = 0. What is the ten thousands digit of z?
2
Let u = -76 + 80. Suppose u*m = -4*x + 58 + 250, -5*m - 2*x + 370 = 0. What is the tens digit of (-1 - (-4 - -2)) + m?
7
Let s = 6217 + 66107. What is the thousands digit of s?
2
Suppose -3 = -a + 3*t + 9, 3 = -2*a - 3*t. What is the thousands digit of a + 1 - (-17)/((-17)/(-1272))?
1
Suppose 32*v - 67*v = -580755. What is the thousands digit of v?
6
Suppose -9*a = 6*a + 30. Let t(j) = -48*j - 9. Let w be t(a). Let c = -71 + w. What is the tens digit of c?
1
Let q be 45 - 38 - (-2 - 1). Suppose -5*x + 3847 = 3*t, -x = -5*t - 765 - q. What is the tens digit of x?
7
Let z = 5980 + -3326. What is the tens digit of z?
5
Suppose -23*f - 170 = -6*f. What is the tens digit of ((-4)/f)/((-296)/100 - -3)?
1
What is the hundreds digit of (-60 - -151)/(2/214)?
7
Let k be (-4)/8*(-149 + 3). Let m = -37 + k. Suppose s - 4*q - 27 = 0, -q = 2*s - 0*q - m. What is the units digit of s?
9
Suppose -5 = -3*p + 7. Suppose 3*w = -5*j - 0*w - 4, 0 = 4*j + 2*w + p. What is the tens digit of -3 + (28 + 2/j - 2)?
2
Suppose 0 = -16*n + 19*n + 3*r + 1368, 3*r = -5*n - 2274. Let j = -249 - n. What is the tens digit of j?
0
Suppose 12*l - 13*l + 2*v + 5001 = 0, -3*l + 2*v = -15007. What is the hundreds digit of l?
0
Suppose -3*q - 306 = -3*h, -2*q + h + 3*h = 198. Let a = q - -316. Let n = a - 110. What is the hundreds digit of n?
1
Suppose -2*w - p = -7273, -180*p - 14552 = -4*w - 184*p. What is the tens digit of w?
3
Let o = 55288 - 35689. What is the ten thousands digit of o?
1
Let i = -29 - -31. Let s be i*((-34)/(-4) + -3). Let z = 121 - s. What is the hundreds digit of z?
1
Suppose 0 = 2*q - 3*a - 23619, 5*a = q + a - 11812. What is the tens digit of 4/(-26) - q/(-533)?
2
Let m = 16615 - 5747. What is the units digit of m?
8
Let l = -113 - -113. What is the hundreds digit of 79475/225 - (l + 4/18)?
3
Let b(g) be the second derivative of 1/6*g**4 - 3*g**3 + 0 - 16*g - 3*g**2. What is the tens digit of b(10)?
1
Suppose -m = 11*m + 300. What is the units digit of 1 + 53 + 20 + m?
9
Let g = 10856 + 19148. What is the thousands digit of g?
0
Let i(c) = c**3 + 3*c - 92. Let p(f) = 4*f**3 + 12*f - 367. Suppose 19 + 17 = -4*u. Let t(g) = u*i(g) + 2*p(g). What is the tens digit of t(0)?
9
Let f(k) = -12*k + 7. Suppose 0 = -4*g - 154 - 30. Let u = g + 38. What is the tens digit of f(u)?
0
Let r = 2122 - -4838. What is the tens digit of r?
6
Suppose 2751*z - 116595 = 2736*z. What is the units digit of z?
3
Suppose 2 = u - 2*t - 7, -2*t + 21 = 5*u. Let g be (-33)/(-6) - 32175/(-78). Suppose -4*v = -3*b + 163 + g, 0 = v + u. What is the hundreds digit of b?
1
Suppose -108 = 81*p - 84*p. Let m = 25 + p. Let g = m - 41. What is the tens digit of g?
2
Suppose 576*a = 558*a + 70416. What is the thousands digit of a?
3
Suppose 203 = 5*x - 97. Suppose 114 + x = 3*g. Let f = 85 - g. What is the units digit of f?
7
Let m be (124/6)/(2/21). Let n be m/5 + 1 + 12/(-30). Suppose 0 = -n*u + 48*u - 264. What is the units digit of u?
6
Let w = 13855 + -12304. What is the hundreds digit of w?
5
Let f(x) = -1298*x**3 + 8*x**2 - 30*x + 1. What is the tens digit of f(-3)?
0
Let q(w) = -w**3 + 3*w**2 + 5*w - 17. Let a be q(6). Let p = -160 - a. Let y = -46 - p. What is the tens digit of y?
1
Let i(c) = -c**3 - 17*c**2 + 60*c + 3. Let a be i(-20). Let s(o) = o + 7 + 5*o - o + 13*o**2. What is the tens digit of s(a)?
3
Suppose -18*u = -16*u - 744. Let j = u - 156. What is the units digit of j?
6
Suppose -7 + 16 = 2*o - 3*f, 6 = -o - 2*f. Suppose 2*m + 2*p - 1266 = o, 0*m + 3*m = -2*p + 1896. What is the hundreds digit of m?
6
Let r(w) be the first derivative of 2*w**3/3 - 9*w**2/2 - 14*w + 42. Let g be r(6). Let m(h) = 5*h**3 - 5*h**2 + 3*h + 3. What is the hundreds digit of m(g)?
2
What is the hundreds digit of 2/(-10) + 7360374/870?
4
Let o(d) = 11*d**2 + 31*d + 39. Let p be ((-36)/(-8))/(45/(-10) - -4). What is the units digit of o(p)?
1
Suppose 87*j = 26*j - 2135. Let l = 455 - 221. Let s = l + j. What is the hundreds digit of s?
1
Let d(o) = -o**2 - 362*o - 9. What is the hundreds digit of d(-42)?
4
Suppose 0*b = -2*b + 10. Suppose -b*l + 25 = -5. Suppose -282 = -2*p + g - l*g, -735 = -5*p - 5*g. What is the units digit of p?
1
Let i be (-8 - -2)*70/(-6). Suppose -o = -22*b + 21*b + 1, 3*b - 1 = 2*o. What is the tens digit of (-7)/(-14)*(i - o)?
3
Let n = 178 - 186. Let c be 1 + -5 + (-6)/(-6). What is the units digit of (284/n)/(c/6)?
1
Suppose -5*m - 2*r = 12, 4 = -2*m + 3*r + 3. Let g(a) = -95*a + 4. Let s be g(m). Suppose -4*d = -s - 86. What is the tens digit of d?
7
Let v(b) = 1958*b + 113. What is the tens digit of v(12)?
0
Let d be (-21)/(-63) + 7/(-3). Let p be 0/(1/(1/d)). Suppose 6*i + 2*i - 360 = p. What is the units digit of i?
5
Let p = 31499 - 16392. What is the tens digit of p?
0
Suppose 3*r - 14 + 5 = 0. Let w(m) = -m**3 + m**2 + 8*m - 1. Let z be w